{"id":9778,"date":"2022-02-25T12:20:42","date_gmt":"2022-02-25T11:20:42","guid":{"rendered":"https:\/\/handel-sm.de\/wolle\/?post_type=product&#038;p=9778"},"modified":"2024-10-25T19:35:40","modified_gmt":"2024-10-25T17:35:40","slug":"haekelnadel-metall-gruendl-5mm","status":"publish","type":"product","link":"https:\/\/handel-sm.de\/wolle\/haekelnadel-metall-gruendl-5mm\/","title":{"rendered":"H\u00e4kelnadel Metall Gr\u00fcndl 5mm"},"content":{"rendered":"<p>H\u00e4kelnadel Metall Gr\u00fcndl 5mm<\/p>\n","protected":false},"excerpt":{"rendered":"<p>H\u00e4kelnadel Metall Gr\u00fcndl 5mm<\/p>\n","protected":false},"featured_media":9779,"template":"","meta":[],"product_brand":[],"product_cat":[30],"product_tag":[126,127,125],"class_list":{"0":"post-9778","1":"product","2":"type-product","3":"status-publish","4":"has-post-thumbnail","6":"product_cat-strick-und-haekelnadeln","7":"product_tag-3-5-mm-online-kaufen","8":"product_tag-haekeln","9":"product_tag-wollhaekelnadel-kst-griff-alu-235","11":"first","12":"instock","13":"taxable","14":"shipping-taxable","15":"purchasable","16":"product-type-simple"},"_links":{"self":[{"href":"https:\/\/handel-sm.de\/wolle\/wp-json\/wp\/v2\/product\/9778","targetHints":{"allow":["GET"]}}],"collection":[{"href":"https:\/\/handel-sm.de\/wolle\/wp-json\/wp\/v2\/product"}],"about":[{"href":"https:\/\/handel-sm.de\/wolle\/wp-json\/wp\/v2\/types\/product"}],"wp:featuredmedia":[{"embeddable":true,"href":"https:\/\/handel-sm.de\/wolle\/wp-json\/wp\/v2\/media\/9779"}],"wp:attachment":[{"href":"https:\/\/handel-sm.de\/wolle\/wp-json\/wp\/v2\/media?parent=9778"}],"wp:term":[{"taxonomy":"product_brand","embeddable":true,"href":"https:\/\/handel-sm.de\/wolle\/wp-json\/wp\/v2\/product_brand?post=9778"},{"taxonomy":"product_cat","embeddable":true,"href":"https:\/\/handel-sm.de\/wolle\/wp-json\/wp\/v2\/product_cat?post=9778"},{"taxonomy":"product_tag","embeddable":true,"href":"https:\/\/handel-sm.de\/wolle\/wp-json\/wp\/v2\/product_tag?post=9778"}],"curies":[{"name":"wp","href":"https:\/\/api.w.org\/{rel}","templated":true}]}}