{"id":9521,"date":"2021-09-25T19:25:45","date_gmt":"2021-09-25T17:25:45","guid":{"rendered":"https:\/\/handel-sm.de\/wolle\/?post_type=product&#038;p=9521"},"modified":"2025-10-13T09:46:50","modified_gmt":"2025-10-13T07:46:50","slug":"rondella-roter-farbverlauf-mehrfarbig","status":"publish","type":"product","link":"https:\/\/handel-sm.de\/wolle\/rondella-roter-farbverlauf-mehrfarbig\/","title":{"rendered":"Rondella roter Farbverlauf mehrfarbig, 250g"},"content":{"rendered":"<h2>dickes Bobbelgarn &#8211; 250 g &#8211; mit Farbverlauf<\/h2>\n<p><strong>Rondella roter Farbverlauf mehrfarbig<\/strong> &#8211; ist ein pflegeleichtes Universalgarn. Sein Langrapport-Druck f\u00fchrt zu einem spannenden Farbverlauf, innerhalb eines Farbtones von hellrot nach dunkelrot. Der Farbverlauf entsteht ganz einfach aus dem Kn\u00e4uel; durch die besondere Kn\u00e4uelform sind alle Farben sichtbar.<\/p>\n<h3>Rondella roter Farbverlauf mehrfarbig &#8211; Markengarn von Gr\u00fcndl<\/h3>\n<p>Ein lineares Garn mit einem wollartigen Charakter, w\u00e4rmend und weich, das nicht auf der Haut kratzt. Die Anleitung f\u00fcr den Schal und die M\u00fctze befindet sich in der Banderole.<\/p>\n<p><a href=\"https:\/\/handel-sm.de\/wolle\/wp-content\/uploads\/sites\/2\/2021\/09\/Rondella_Schal_und_Muetze_im_Strukturmuster.pdf\">Rondella_Schal_und_Muetze_im_Strukturmuster<\/a><\/p>\n<p><strong>Verwendung: <\/strong>Zum Stricken eines w\u00e4rmenden und weichen Pullovers, aber auch f\u00fcr Accessoires wie Loops, Schals und M\u00fctzen mit tollem Farbeffekt und f\u00fcr besondere Kissen oder Decken geeignet.<\/p>\n<p><strong>Rondella roter Farbverlauf mehrfarbig<\/strong> ist pflegeleicht, problemlos waschbar bei 30 \u00b0C im Schonwaschgang, trocknet schnell und ist formbest\u00e4ndig.<\/p>\n<ul>\n<li><strong>Zusammensetzung:<\/strong><br \/>\n100 % Polyacryl<\/li>\n<li><strong>Farbe:<\/strong><br \/>\nroter Farbverlauf mehrfarbig<\/li>\n<li><strong>Saison:<\/strong><br \/>\nWinter<\/li>\n<li><strong>Verbrauch:<\/strong><br \/>\nPullover Gr. 38 = 800 g<\/li>\n<li><strong>Laufl\u00e4nge:<\/strong><br \/>\n250 g \/ 250 m<\/li>\n<li><strong>Nadelst\u00e4rke :<\/strong><br \/>\n7 &#8211; 8 mm<\/li>\n<li><strong>Maschenprobe:<\/strong><br \/>\n10 x 10 cm = 13 M x 18 R<\/li>\n<li><strong>Pflegehinweise: <\/strong>\n<div id=\"node-6147\" class=\"node node-garne node-product-type node-garne node-product-type-full node-garne-full clearfix hasNewVariant\">\n<div class=\"pflegehinweise\">\n<p><img data-recalc-dims=\"1\" loading=\"lazy\" decoding=\"async\" class=\"pflegehinweis_icon pflegehinweis-special_delicate_washing_cycle_max_30_c\" title=\"special delicate washing cycle, max. 30 \u00b0C\" src=\"https:\/\/i0.wp.com\/www.gruendl-wolle.de\/sites\/default\/files\/styles\/60x60\/public\/Produkt\/Pflegehinweise\/G_TTKZ_Waesche_Wollwaschgang_30s.png?resize=60%2C60&#038;ssl=1\" alt=\"special delicate washing cycle, max. 30 \u00b0C\" width=\"60\" height=\"60\" \/><img data-recalc-dims=\"1\" loading=\"lazy\" decoding=\"async\" class=\"pflegehinweis_icon pflegehinweis-chlorine_for_bleaching_not_possible\" title=\"chlorine for bleaching not possible\" src=\"https:\/\/i0.wp.com\/www.gruendl-wolle.de\/sites\/default\/files\/styles\/60x60\/public\/Produkt\/Pflegehinweise\/G_TTKZ_Waesche_NichtBleichen.png?resize=60%2C60&#038;ssl=1\" alt=\"chlorine for bleaching not possible\" width=\"60\" height=\"60\" \/><img data-recalc-dims=\"1\" loading=\"lazy\" decoding=\"async\" class=\"pflegehinweis_icon pflegehinweis-do_not_put_in_the_dryer\" title=\"do not put in the dryer\" src=\"https:\/\/i0.wp.com\/www.gruendl-wolle.de\/sites\/default\/files\/styles\/60x60\/public\/Produkt\/Pflegehinweise\/G_TTKZ_Waesche_KeinTrockner.png?resize=60%2C60&#038;ssl=1\" alt=\"do not put in the dryer\" width=\"60\" height=\"60\" \/><img data-recalc-dims=\"1\" loading=\"lazy\" decoding=\"async\" class=\"pflegehinweis_icon pflegehinweis-do_not_iron\" title=\"Do not iron\" src=\"https:\/\/i0.wp.com\/www.gruendl-wolle.de\/sites\/default\/files\/styles\/60x60\/public\/Produkt\/Pflegehinweise\/G_TTKZ_Buegeln_Nicht.png?resize=60%2C60&#038;ssl=1\" alt=\"Do not iron\" width=\"60\" height=\"60\" \/><img data-recalc-dims=\"1\" loading=\"lazy\" decoding=\"async\" class=\"pflegehinweis_icon pflegehinweis-porfessional_dry_cleaning_possible\" title=\"porfessional dry cleaning possible\" src=\"https:\/\/i0.wp.com\/www.gruendl-wolle.de\/sites\/default\/files\/styles\/60x60\/public\/Produkt\/Pflegehinweise\/G_TTKZ_Waesche_ChemischReinigenMgl.png?resize=60%2C60&#038;ssl=1\" alt=\"porfessional dry cleaning possible\" width=\"60\" height=\"60\" \/><\/p>\n<\/div>\n<\/div>\n<\/li>\n<li><strong>Zertifikat:<\/strong><\/li>\n<li>OEKO-TEX\u00ae-zertifiziert STANDARD 100 <a href=\"http:\/\/oeko-tex.com\/standard100\" target=\"_blank\" rel=\"noopener\">oeko-tex.com\/standard100<\/a> Gepr\u00fcft auf Schadstoffe 16.0.77241 HOHENSTEIN HTTI <img data-recalc-dims=\"1\" decoding=\"async\" class=\"oekotex\" src=\"https:\/\/i0.wp.com\/www.gruendl-wolle.de\/sites\/all\/themes\/gruendl\/files\/oekotex\/16_0_77241_en.jpg?w=750&#038;ssl=1\" alt=\"\"><\/li>\n<\/ul>\n","protected":false},"excerpt":{"rendered":"<h2>dickes Bobbelgarn &#8211; 250 g &#8211; mit Farbverlauf<\/h2>\n<p><strong>Rondella roter Farbverlauf mehrfarbig<\/strong> &#8211; ist ein pflegeleichtes Universalgarn. Sein Langrapport-Druck f\u00fchrt zu einem spannenden Farbverlauf, innerhalb eines Farbtones von hellrot nach dunkelrot. Der Farbverlauf entsteht ganz einfach aus dem Kn\u00e4uel; durch die besondere Kn\u00e4uelform sind alle Farben sichtbar.<\/p>\n","protected":false},"featured_media":9513,"template":"","meta":[],"product_brand":[],"product_cat":[55,189],"product_tag":[],"class_list":{"0":"post-9521","1":"product","2":"type-product","3":"status-publish","4":"has-post-thumbnail","6":"product_cat-schalgarn-muetzengarn","7":"product_cat-bobbelgarn","9":"first","10":"outofstock","11":"taxable","12":"shipping-taxable","13":"purchasable","14":"product-type-simple"},"_links":{"self":[{"href":"https:\/\/handel-sm.de\/wolle\/wp-json\/wp\/v2\/product\/9521","targetHints":{"allow":["GET"]}}],"collection":[{"href":"https:\/\/handel-sm.de\/wolle\/wp-json\/wp\/v2\/product"}],"about":[{"href":"https:\/\/handel-sm.de\/wolle\/wp-json\/wp\/v2\/types\/product"}],"wp:featuredmedia":[{"embeddable":true,"href":"https:\/\/handel-sm.de\/wolle\/wp-json\/wp\/v2\/media\/9513"}],"wp:attachment":[{"href":"https:\/\/handel-sm.de\/wolle\/wp-json\/wp\/v2\/media?parent=9521"}],"wp:term":[{"taxonomy":"product_brand","embeddable":true,"href":"https:\/\/handel-sm.de\/wolle\/wp-json\/wp\/v2\/product_brand?post=9521"},{"taxonomy":"product_cat","embeddable":true,"href":"https:\/\/handel-sm.de\/wolle\/wp-json\/wp\/v2\/product_cat?post=9521"},{"taxonomy":"product_tag","embeddable":true,"href":"https:\/\/handel-sm.de\/wolle\/wp-json\/wp\/v2\/product_tag?post=9521"}],"curies":[{"name":"wp","href":"https:\/\/api.w.org\/{rel}","templated":true}]}}

<h2>dickes Bobbelgarn &#8211; 250 g &#8211; mit Farbverlauf</h2>
<p><strong>Rondella roter Farbverlauf mehrfarbig</strong> &#8211; ist ein pflegeleichtes Universalgarn. Sein Langrapport-Druck führt zu einem spannenden Farbverlauf, innerhalb eines Farbtones von hellrot nach dunkelrot. Der Farbverlauf entsteht ganz einfach aus dem Knäuel; durch die besondere Knäuelform sind alle Farben sichtbar.</p>
<h3>Rondella roter Farbverlauf mehrfarbig &#8211; Markengarn von Gründl</h3>
<p>Ein lineares Garn mit einem wollartigen Charakter, wärmend und weich, das nicht auf der Haut kratzt. Die Anleitung für den Schal und die Mütze befindet sich in der Banderole.</p>
<p><a href="https://handel-sm.de/wolle/wp-content/uploads/sites/2/2021/09/Rondella_Schal_und_Muetze_im_Strukturmuster.pdf">Rondella_Schal_und_Muetze_im_Strukturmuster</a></p>
<p><strong>Verwendung: </strong>Zum Stricken eines wärmenden und weichen Pullovers, aber auch für Accessoires wie Loops, Schals und Mützen mit tollem Farbeffekt und für besondere Kissen oder Decken geeignet.</p>
<p><strong>Rondella roter Farbverlauf mehrfarbig</strong> ist pflegeleicht, problemlos waschbar bei 30 °C im Schonwaschgang, trocknet schnell und ist formbeständig.</p>
<ul>
<li><strong>Zusammensetzung:</strong><br />
100 % Polyacryl</li>
<li><strong>Farbe:</strong><br />
roter Farbverlauf mehrfarbig</li>
<li><strong>Saison:</strong><br />
Winter</li>
<li><strong>Verbrauch:</strong><br />
Pullover Gr. 38 = 800 g</li>
<li><strong>Lauflänge:</strong><br />
250 g / 250 m</li>
<li><strong>Nadelstärke :</strong><br />
7 &#8211; 8 mm</li>
<li><strong>Maschenprobe:</strong><br />
10 x 10 cm = 13 M x 18 R</li>
<li><strong>Pflegehinweise: </strong>
<div id="node-6147" class="node node-garne node-product-type node-garne node-product-type-full node-garne-full clearfix hasNewVariant">
<div class="pflegehinweise">
<p><img data-recalc-dims="1" loading="lazy" decoding="async" class="pflegehinweis_icon pflegehinweis-special_delicate_washing_cycle_max_30_c" title="special delicate washing cycle, max. 30 °C" src="https://i0.wp.com/www.gruendl-wolle.de/sites/default/files/styles/60x60/public/Produkt/Pflegehinweise/G_TTKZ_Waesche_Wollwaschgang_30s.png?resize=60%2C60&#038;ssl=1" alt="special delicate washing cycle, max. 30 °C" width="60" height="60" /><img data-recalc-dims="1" loading="lazy" decoding="async" class="pflegehinweis_icon pflegehinweis-chlorine_for_bleaching_not_possible" title="chlorine for bleaching not possible" src="https://i0.wp.com/www.gruendl-wolle.de/sites/default/files/styles/60x60/public/Produkt/Pflegehinweise/G_TTKZ_Waesche_NichtBleichen.png?resize=60%2C60&#038;ssl=1" alt="chlorine for bleaching not possible" width="60" height="60" /><img data-recalc-dims="1" loading="lazy" decoding="async" class="pflegehinweis_icon pflegehinweis-do_not_put_in_the_dryer" title="do not put in the dryer" src="https://i0.wp.com/www.gruendl-wolle.de/sites/default/files/styles/60x60/public/Produkt/Pflegehinweise/G_TTKZ_Waesche_KeinTrockner.png?resize=60%2C60&#038;ssl=1" alt="do not put in the dryer" width="60" height="60" /><img data-recalc-dims="1" loading="lazy" decoding="async" class="pflegehinweis_icon pflegehinweis-do_not_iron" title="Do not iron" src="https://i0.wp.com/www.gruendl-wolle.de/sites/default/files/styles/60x60/public/Produkt/Pflegehinweise/G_TTKZ_Buegeln_Nicht.png?resize=60%2C60&#038;ssl=1" alt="Do not iron" width="60" height="60" /><img data-recalc-dims="1" loading="lazy" decoding="async" class="pflegehinweis_icon pflegehinweis-porfessional_dry_cleaning_possible" title="porfessional dry cleaning possible" src="https://i0.wp.com/www.gruendl-wolle.de/sites/default/files/styles/60x60/public/Produkt/Pflegehinweise/G_TTKZ_Waesche_ChemischReinigenMgl.png?resize=60%2C60&#038;ssl=1" alt="porfessional dry cleaning possible" width="60" height="60" /></p>
</div>
</div>
</li>
<li><strong>Zertifikat:</strong></li>
<li>OEKO-TEX®-zertifiziert STANDARD 100 <a href="http://oeko-tex.com/standard100" target="_blank" rel="noopener">oeko-tex.com/standard100</a> Geprüft auf Schadstoffe 16.0.77241 HOHENSTEIN HTTI <img data-recalc-dims="1" decoding="async" class="oekotex" src="https://i0.wp.com/www.gruendl-wolle.de/sites/all/themes/gruendl/files/oekotex/16_0_77241_en.jpg?w=750&#038;ssl=1" alt=""></li>
</ul>

<h2>dickes Bobbelgarn &#8211; 250 g &#8211; mit Farbverlauf</h2>
<p><strong>Rondella roter Farbverlauf mehrfarbig</strong> &#8211; ist ein pflegeleichtes Universalgarn. Sein Langrapport-Druck führt zu einem spannenden Farbverlauf, innerhalb eines Farbtones von hellrot nach dunkelrot. Der Farbverlauf entsteht ganz einfach aus dem Knäuel; durch die besondere Knäuelform sind alle Farben sichtbar.</p>
