{"id":9272,"date":"2021-04-30T14:50:25","date_gmt":"2021-04-30T12:50:25","guid":{"rendered":"https:\/\/handel-sm.de\/wolle\/?post_type=product&#038;p=9272"},"modified":"2026-03-17T14:10:45","modified_gmt":"2026-03-17T13:10:45","slug":"twisted-merino-cotton-gelb-orange-beige-schwarzbraun-200g","status":"publish","type":"product","link":"https:\/\/handel-sm.de\/wolle\/twisted-merino-cotton-gelb-orange-beige-schwarzbraun-200g\/","title":{"rendered":"Twisted Merino Cotton gelb-orange-beige-schwarzbraun, 200g"},"content":{"rendered":"<h2>Twisted Merino Cotton gelb-orange-beige-schwarzbraun von Lana Grossa<\/h2>\n<p><strong>Twisted Merino Cotton gelb-orange-beige-schwarzbraun<\/strong> von Lana Grossa ist ein weiches, 4-f\u00e4dig gezwirntes Farbverlaufsgarn. Es besteht zu je 50% aus Merinowolle und Baumwolle.<\/p>\n<p>Durch die Mischung der beiden Naturfasern eignet sich das Garn zum Stricken und H\u00e4keln von weichen T\u00fcchern und Schals f\u00fcr jede Jahreszeit. Da ein Bobbel 680m\/200g hat, l\u00e4sst sich bereits aus einem Kn\u00e4uel ein sch\u00f6nes Dreieckstuch stricken. Aber auch f\u00fcr Pullover (Gr\u00f6\u00dfe 38: 1-2 Bobbel) und mehr.<\/p>\n<p>Jedes Twisted Merino Cotton-<strong>Bobbel<\/strong> ist in einem <strong>Organza-S\u00e4ckchen verpackt<\/strong> und kann beim Stricken\/H\u00e4keln drinnen bleiben.<\/p>\n<p>Der innere Anfangsfaden ist an einem schm\u00fcckenden <strong>&#8222;Lana Grossa&#8220;-Holzknopf<\/strong> befestigt, so kann man ohne Suchen mit dem Stricken\/H\u00e4keln beginnen. Mit dem Knopf als schm\u00fcckendes <strong>&#8222;Marken-Label&#8220;<\/strong> kann man die fertige Handarbeit verzieren.<\/p>\n<h2>Gezwirntes Merino-Bobbelgarn mit Farbverlauf als Gro\u00dfkn\u00e4uel<\/h2>\n<p><strong>Lana Grossa Twisted Merino Cotton gelb-orange-beige-schwarzbraun<\/strong> \u2013 Ein gefachtes Merinogarn aus 50% Baumwolle und 50% Schurwolle (Merino). Merinowolle-Mix in einem ununterbrochenem Farbverlauf auf 200g gewickelt &#8211; das bedeutet reinster Strick- und H\u00e4kelspass. Ein Gro\u00dfkn\u00e4uel in Bobbelform mit dem sich einfach &#8222;durcharbeiten&#8220; l\u00e4\u00dft.<\/p>\n<p>F\u00fcr k\u00fchle Sommerabende oder Fr\u00fchlingsabende ist ein Tuch, Schal, Stola oder Pullover aus dem Bobbelgarn\u00a0 <strong>Twisted Merino Cotton gelb-orange-beige-schwarzbraun von Lana Grossa <\/strong>ideal.<\/p>\n<ul>\n<li><strong>Zusammensetzung:<\/strong><br \/>\n50 % Baumwolle, 50 % Merino-Schurwolle<\/li>\n<li><strong>Saison:<\/strong><br \/>\nFr\u00fchjahr\/Sommer, Herbst\/Winter<\/li>\n<li><strong>Verbrauch:<\/strong><br \/>\nTuch\/Schal = ca. 200 g * = 1 Kn\u00e4uel *<\/li>\n<li><strong>Laufl\u00e4nge:<\/strong><br \/>\n200 g = ca. 680 m<\/li>\n<li><strong>Nadelst\u00e4rke :<\/strong><br \/>\n4,0 &#8211; 5,0<\/li>\n<li><strong>Maschenprobe:<\/strong><br \/>\n10 x 10 cm = 28 M | 22 R<\/li>\n<li><strong>schm\u00fcckendes Markenlabel:<\/strong><br \/>\nLana Grossa-Holzknopf zum Verzieren der Handarbeit<\/li>\n<\/ul>\n<p>* Patent- oder Zopfmuster ben\u00f6tigen mehr Garn<\/p>\n<h3><span style=\"font-size: large;\"><b>Verzwirntes Farbverlaufsgarn aus Baumwolle und Schurwolle (Merino)<\/b><\/span><\/h3>\n<p><strong>Twisted Merino Cotton gelb-orange-beige-schwarzbraun<\/strong> ist gezwirnt und l\u00e4sst sich so vor allem leichter verstricken, als die gewickelten und gefachten Bobbel. So werden die sch\u00f6nen Farbverl\u00e4ufe der Bobbelgarne und das leichtere Verarbeiten der gezwirnten Garne verbunden. Lassen Sie sich von den sch\u00f6nen Farben inspirieren.<\/p>\n<h4>Gezwirntes Merinogarn mit Farbverlauf &#8211; <strong>weitere Farben:<\/strong><\/h4>\n<ul>\n<li><a href=\"https:\/\/handel-sm.de\/wolle\/produkt\/twisted-merino-cotton-graugrun-heugelb-khaki-petrolgrun-200g\/\">503-Graugr\u00fcn\/Heugelb\/Khaki\/Petrolgr\u00fcn<\/a><\/li>\n<li><a href=\"https:\/\/handel-sm.de\/wolle\/produkt\/twisted-merino-cotton-hellgrau-hellgrun-turkis-dunkelgrau-200g\/\">504-Hellgrau\/Hellgr\u00fcn\/T\u00fcrkis\/Dunkelgrau<\/a><\/li>\n<li><a href=\"https:\/\/handel-sm.de\/wolle\/produkt\/twisted-merino-cotton-ecru-hellgrau-khaki-mokka-200g\/\">506-Ecru\/Hellgrau\/Khaki\/Mokka<\/a><\/li>\n<\/ul>\n<p>Hier finden Sie <a href=\"https:\/\/handel-sm.de\/wolle\/-\/bobbelgarn\/\">weitere Farbverlaufsgarne in Bobbelform<\/a> von Rellana<\/p>\n<p>ebenso weitere <a href=\"https:\/\/handel-sm.de\/wolle\/-\/wintergarn\/caprice-color-farbverlaufsgarn\/\">Farbverlaufsgarne in Kn\u00e4uelform<\/a><\/p>\n<p>und zum\u00a0<a href=\"https:\/\/handel-sm.de\/wolle\/-\/aktion\/\"> Schn\u00e4ppchen-Preis<\/a><\/p>\n","protected":false},"excerpt":{"rendered":"<p><strong>Twisted Merino Cotton gelb-orange-beige-schwarzbraun<\/strong> von Lana Grossa ist ein weiches, 4-f\u00e4dig gezwirntes Farbverlaufsgarn. Es besteht zu je 50% aus Merinowolle und Baumwolle.<\/p>\n<p>Jedes Twisted Merino Cotton-<strong>Bobbel<\/strong> ist in einem <strong>Organza-S\u00e4ckchen verpackt<\/strong> und kann beim Stricken\/H\u00e4keln drinnen bleiben.<\/p>\n<p>Der innere Anfangsfaden ist an einem schm\u00fcckenden <strong>&#8222;Lana Grossa&#8220;-Holzknopf<\/strong> befestigt, so kann man ohne Suchen mit dem Stricken\/H\u00e4keln beginnen. Mit dem Knopf als schm\u00fcckendes <strong>&#8222;Marken-Label&#8220;<\/strong> kann man die fertige Handarbeit verzieren.<\/p>\n","protected":false},"featured_media":9262,"template":"","meta":[],"product_brand":[],"product_cat":[159,189,55],"product_tag":[],"class_list":{"0":"post-9272","1":"product","2":"type-product","3":"status-publish","4":"has-post-thumbnail","6":"product_cat-aktion","7":"product_cat-bobbelgarn","8":"product_cat-schalgarn-muetzengarn","10":"first","11":"instock","12":"sale","13":"taxable","14":"shipping-taxable","15":"purchasable","16":"product-type-simple"},"_links":{"self":[{"href":"https:\/\/handel-sm.de\/wolle\/wp-json\/wp\/v2\/product\/9272","targetHints":{"allow":["GET"]}}],"collection":[{"href":"https:\/\/handel-sm.de\/wolle\/wp-json\/wp\/v2\/product"}],"about":[{"href":"https:\/\/handel-sm.de\/wolle\/wp-json\/wp\/v2\/types\/product"}],"wp:featuredmedia":[{"embeddable":true,"href":"https:\/\/handel-sm.de\/wolle\/wp-json\/wp\/v2\/media\/9262"}],"wp:attachment":[{"href":"https:\/\/handel-sm.de\/wolle\/wp-json\/wp\/v2\/media?parent=9272"}],"wp:term":[{"taxonomy":"product_brand","embeddable":true,"href":"https:\/\/handel-sm.de\/wolle\/wp-json\/wp\/v2\/product_brand?post=9272"},{"taxonomy":"product_cat","embeddable":true,"href":"https:\/\/handel-sm.de\/wolle\/wp-json\/wp\/v2\/product_cat?post=9272"},{"taxonomy":"product_tag","embeddable":true,"href":"https:\/\/handel-sm.de\/wolle\/wp-json\/wp\/v2\/product_tag?post=9272"}],"curies":[{"name":"wp","href":"https:\/\/api.w.org\/{rel}","templated":true}]}}