{"id":89,"date":"2018-01-01T19:41:14","date_gmt":"2018-01-01T18:41:14","guid":{"rendered":"http:\/\/handel-sm.de\/wolle\/produkt\/import-placeholder-for-230\/"},"modified":"2024-10-10T19:38:24","modified_gmt":"2024-10-10T17:38:24","slug":"caprice-big-200g-grossknaeuel-rot","status":"publish","type":"product","link":"https:\/\/handel-sm.de\/wolle\/caprice-big-200g-grossknaeuel-rot\/","title":{"rendered":"Caprice Big rot &#8211; 200g Grosskn\u00e4uel"},"content":{"rendered":"<p>Leichtes, weiches und volumin\u00f6ses Schnellstrickgarn in Rot.<\/p>\n<h4>Caprice Big rot &#8211; 200g Grosskn\u00e4uel<\/h4>\n<p>Das ideale <strong>M\u00fctzengarn<\/strong> und <strong>Schalgarn<\/strong> f\u00fcr das schnelle Stricken von w\u00e4rmenden M\u00fctzen und Loop-Schals. Ein <strong>200g-Gro\u00dfkn\u00e4uel<\/strong> ist ausreichend f\u00fcr ein Loop-Schal oder eine M\u00fctze.<\/p>\n<p>Die Anleitung zum Stricken des Loop-Schals und der M\u00fctze befindet sich auf jeder Banderole.<\/p>\n<p><strong>Farbe:<\/strong> rot<br \/>\n<strong>Zusammensetzung:<\/strong> 100% Polyacryl<br \/>\n<strong>Laufl\u00e4nge:<\/strong> 200 g = ca. 120 m<br \/>\n<strong>Nadelst\u00e4rke:<\/strong> 10<br \/>\n<strong>Maschenprobe:<\/strong> 10 x 10 cm = 8 M \/ 12 R<br \/>\n<strong>Materialverbrauch:<\/strong> 1 Loopschal oder 1 M\u00fctze = ca. 200 g<\/p>\n","protected":false},"excerpt":{"rendered":"<p>Zum Stricken von <strong>Schals, M\u00fctzen und dicken Pullovern<\/strong> ist dieses leichte, weiche und volumin\u00f6se Schnellstrickgarn in <strong>rot<\/strong> hervorragend geeignet.<\/p>\n<p>Ein <strong>200 g-Gro\u00dfkn\u00e4uel<\/strong> ist ausreichend f\u00fcr ein Loop-Schal oder eine M\u00fctze. Die Strickanleitung f\u00fcr das Loop-Schals und die M\u00fctze befindet sich auf jeder Banderole.<\/p>\n","protected":false},"featured_media":22,"template":"","meta":[],"product_brand":[],"product_cat":[55],"product_tag":[180,173,172,171,181],"class_list":{"0":"post-89","1":"product","2":"type-product","3":"status-publish","4":"has-post-thumbnail","6":"product_cat-schalgarn-muetzengarn","7":"product_tag-caprice-big-rot","8":"product_tag-grossknaeuel","9":"product_tag-muetzengarn","10":"product_tag-schalgarn","11":"product_tag-schnellstrickgarn","13":"first","14":"instock","15":"taxable","16":"shipping-taxable","17":"purchasable","18":"product-type-simple"},"_links":{"self":[{"href":"https:\/\/handel-sm.de\/wolle\/wp-json\/wp\/v2\/product\/89","targetHints":{"allow":["GET"]}}],"collection":[{"href":"https:\/\/handel-sm.de\/wolle\/wp-json\/wp\/v2\/product"}],"about":[{"href":"https:\/\/handel-sm.de\/wolle\/wp-json\/wp\/v2\/types\/product"}],"wp:featuredmedia":[{"embeddable":true,"href":"https:\/\/handel-sm.de\/wolle\/wp-json\/wp\/v2\/media\/22"}],"wp:attachment":[{"href":"https:\/\/handel-sm.de\/wolle\/wp-json\/wp\/v2\/media?parent=89"}],"wp:term":[{"taxonomy":"product_brand","embeddable":true,"href":"https:\/\/handel-sm.de\/wolle\/wp-json\/wp\/v2\/product_brand?post=89"},{"taxonomy":"product_cat","embeddable":true,"href":"https:\/\/handel-sm.de\/wolle\/wp-json\/wp\/v2\/product_cat?post=89"},{"taxonomy":"product_tag","embeddable":true,"href":"https:\/\/handel-sm.de\/wolle\/wp-json\/wp\/v2\/product_tag?post=89"}],"curies":[{"name":"wp","href":"https:\/\/api.w.org\/{rel}","templated":true}]}}