{"id":140,"date":"2018-01-01T19:41:18","date_gmt":"2018-01-01T18:41:18","guid":{"rendered":"http:\/\/handel-sm.de\/wolle\/produkt\/highlight-gruen-pink\/"},"modified":"2024-10-10T19:21:27","modified_gmt":"2024-10-10T17:21:27","slug":"highlight-gruen-pink","status":"publish","type":"product","link":"https:\/\/handel-sm.de\/wolle\/highlight-gruen-pink\/","title":{"rendered":"Highlight gr\u00fcn-pink"},"content":{"rendered":"<h2>M\u00fctzengarn, Schalgarn und Schnellstrickgarn<\/h2>\n<p>Stricken von <strong>M\u00fctzen<\/strong> und <strong>Schals<\/strong> ist dieses preiswerte, weiche Schnellstrickgarn mit sch\u00f6nen Farbverl\u00e4ufen in Streifenoptik in <strong>gr\u00fcn-pink<\/strong> hervorragend geeignet. Dieses <strong>M\u00fctzengarn \/ Schalgarn<\/strong> ist auch f\u00fcr Anf\u00e4nger ideal.<\/p>\n<h3>Highlight gr\u00fcn-pink<\/h3>\n<p><strong>Farbe:<\/strong> gr\u00fcn-pink<br \/>\n<strong>Zusammensetzung: <\/strong>100% Polyacryl<br \/>\n<strong>Laufl\u00e4nge:<\/strong> 100 g = ca. 100 m<br \/>\n<strong>Nadelst\u00e4rke:<\/strong> 8 &#8211; 9<br \/>\n<strong>Maschenprobe:<\/strong> 10 x 10 cm = 11 M \/ 15 R<br \/>\n<strong>Materialverbrauch:<\/strong> M\u00fctze ca 100 g<br \/>\n<strong>Pflege:<\/strong> 30\u00b0 waschbar im Wollwaschgang<\/p>\n","protected":false},"excerpt":{"rendered":"<h3>Highlight gr\u00fcn-pink &#8211; M\u00fctzengarn &#8211; Schalgarn<\/h3>\n<p>Zum Stricken von\u00a0<strong>M\u00fctzen<\/strong> und <strong>Schals<\/strong> ist dieses preiswerte, weiche Schnellstrickgarn (100 g) mit sch\u00f6nen Farbverl\u00e4ufen in gr\u00fcn-pink hervorragend geeignet<strong>.<\/strong><\/p>\n","protected":false},"featured_media":59,"template":"","meta":[],"product_brand":[],"product_cat":[55],"product_tag":[109,172,171],"class_list":{"0":"post-140","1":"product","2":"type-product","3":"status-publish","4":"has-post-thumbnail","6":"product_cat-schalgarn-muetzengarn","7":"product_tag-highlight-gruen-pink-online-kaufen","8":"product_tag-muetzengarn","9":"product_tag-schalgarn","11":"first","12":"instock","13":"taxable","14":"shipping-taxable","15":"purchasable","16":"product-type-simple"},"_links":{"self":[{"href":"https:\/\/handel-sm.de\/wolle\/wp-json\/wp\/v2\/product\/140","targetHints":{"allow":["GET"]}}],"collection":[{"href":"https:\/\/handel-sm.de\/wolle\/wp-json\/wp\/v2\/product"}],"about":[{"href":"https:\/\/handel-sm.de\/wolle\/wp-json\/wp\/v2\/types\/product"}],"wp:featuredmedia":[{"embeddable":true,"href":"https:\/\/handel-sm.de\/wolle\/wp-json\/wp\/v2\/media\/59"}],"wp:attachment":[{"href":"https:\/\/handel-sm.de\/wolle\/wp-json\/wp\/v2\/media?parent=140"}],"wp:term":[{"taxonomy":"product_brand","embeddable":true,"href":"https:\/\/handel-sm.de\/wolle\/wp-json\/wp\/v2\/product_brand?post=140"},{"taxonomy":"product_cat","embeddable":true,"href":"https:\/\/handel-sm.de\/wolle\/wp-json\/wp\/v2\/product_cat?post=140"},{"taxonomy":"product_tag","embeddable":true,"href":"https:\/\/handel-sm.de\/wolle\/wp-json\/wp\/v2\/product_tag?post=140"}],"curies":[{"name":"wp","href":"https:\/\/api.w.org\/{rel}","templated":true}]}}