{"id":10917,"date":"2025-09-26T19:13:38","date_gmt":"2025-09-26T17:13:38","guid":{"rendered":"https:\/\/handel-sm.de\/wolle\/?post_type=product&#038;p=10917"},"modified":"2025-10-05T21:31:34","modified_gmt":"2025-10-05T19:31:34","slug":"dejavu-weiss-antrazit-rosenholz-aqua-330g","status":"publish","type":"product","link":"https:\/\/handel-sm.de\/wolle\/dejavu-weiss-antrazit-rosenholz-aqua-330g\/","title":{"rendered":"Dejavu wei\u00df-antrazit-rosenholz-aqua &#8211; 330g von Gr\u00fcndl"},"content":{"rendered":"<div class=\"col-12 col-lg-7\">\n<div class=\"product-detail-description-text\">\n<h2>Gr\u00fcndl D\u00e9j\u00e0vu wei\u00df-antrazit-rosenholz-aqua \u2013 Dochtgarn aus 100 % Schurwolle<\/h2>\n<p><strong>D\u00e9j\u00e0vu wei\u00df-antrazit-rosenholz-aqua<\/strong>, ein Dochtgarn aus 100 % Schurwolle mit einer ganz au\u00dfergew\u00f6hnlichen Farbgebung, durch die Kombination von zwei unterschiedlich langen Farbverl\u00e4ufen. Die Farbgebung der au\u00dfergew\u00f6hnlichen Farbkombination ist im Modell auf der Banderole zu sehen.<\/p>\n<h2>330 g-Gro\u00dfkn\u00e4uel mit luxuri\u00f6ser Weichheit und beeindruckender Farbvielfalt<\/h2>\n<p>Die volumin\u00f6se, hautfreundliche Schurwolle ist <a href=\"https:\/\/www.oeko-tex.com\/de\/label-check\/detail?number=10.0.77554\" target=\"_blank\" rel=\"noopener\">OEKO-TEX\u00ae STANDARD 100<\/a> zertifiziert und selbstverst\u00e4ndlich mulesingfrei \u2013 f\u00fcr ein sorgloses und verantwortungsbewusstes Strick- und H\u00e4kelvergn\u00fcgen.<\/p>\n<p>Die spezielle Garnwicklung in einer \u201eperfect circle\u201c-Technik und die einzigartigen Farbkombinationen machen das D\u00e9j\u00e0vu wei\u00df-antrazit-rosenholz-aqua von Gr\u00fcndl zum echten Blickfang. Die besondere Farbgestaltung entsteht durch zwei unterschiedlich lange Farbverl\u00e4ufe und schafft harmonische \u00dcberg\u00e4nge \u2013 perfekt f\u00fcr M\u00fctzen und Schals mit einem gleichm\u00e4\u00dfigen, nahtlosen Farbverlauf. Ein Gro\u00dfkn\u00e4uel besteht aus 330g.<\/p>\n<h2>Einzigartige Strick- und H\u00e4kelideen mit D\u00e9j\u00e0vu wei\u00df-antrazit-rosenholz-aqua<\/h2>\n<p>Du m\u00f6chtest sofort losstricken? Auf der Innenseite der Banderole findest du die Anleitung f\u00fcr einen harmonisch abgestimmten Schal und eine M\u00fctze. Das Besondere daran ist, dass du den Schal und die M\u00fctze mit gleichem Farb-Rapport stricken kannst. Der Rapport der M\u00fctze ist extra etwas kleiner &#8211; faszinierend. Mit <strong>D\u00e9j\u00e0vu wei\u00df-antrazit-rosenholz-aqua <\/strong>l\u00e4uft \u00fcber M\u00fctze und Schal der gleiche Farbverlauf, ohne Wiederholungen trotz unterschiedlichem Materialverbrauch<\/p>\n<h2>Mit dem Schnellstrickgarn D\u00e9j\u00e0vu wei\u00df-antrazit-rosenholz-aqua<\/h2>\n<p>gelingt es aber auch spielend leicht, fantasievolle Pullover, Jacken und Pullunder oder Heim-Dokus zu stricken, die mit lebendigen Farbverl\u00e4ufen faszinieren.<\/p>\n<p>Besondere Akzente im Wohnbereich setzen: Wie w\u00e4re es mit gestrickten Kissen oder farbenfrohen H\u00e4keldecken? Durch die volumin\u00f6se Struktur des Dochtgarns und der gro\u00dfen Nadelst\u00e4rke 8-9 sind diese Projekte besonders schnell fertiggestellt \u2013 perfekt f\u00fcr kreative DIY-Highlights mit dem Wow-Effekt!<\/p>\n<h3>Vorteile des Gr\u00fcndl D\u00e9j\u00e0vu Dochtgarns auf einen Blick<\/h3>\n<ul>\n<li>Reines Naturprodukt, Dochtgarn aus 100 % Schurwolle: <a href=\"https:\/\/www.oeko-tex.com\/de\/label-check\/detail?number=10.0.77554\" target=\"_blank\" rel=\"noopener\">OEKO-TEX\u00ae STANDARD 100<\/a> zertifiziert, hautfreundlich und mulesingfrei<\/li>\n<li>Perfect Circle Wicklung &gt; besondere Garnwicklung: Nahtlose Farbverl\u00e4ufe ohne Wiederholungen, ideal f\u00fcr Accessoires<\/li>\n<li>Gro\u00dfe Vielseitigkeit: Ideal f\u00fcr M\u00fctzen, Schals, Pullover und dekorative Wohntextilien<\/li>\n<li>Schnell gestrickt: Volumin\u00f6ses, weiches Dochtgarn f\u00fcr z\u00fcgige DIY-Projekte<\/li>\n<\/ul>\n<\/div>\n<\/div>\n<div class=\"col-12 col-lg-7\">\n<div class=\"product-detail-description-text\">\n<h2>Verwendung &#8211; Strickideen<\/h2>\n<ul>\n<li>Einzigartige Schals oder Loops mit der passenden M\u00fctze im gleichen Farbbild<\/li>\n<li>Auch f\u00fcr fantasievolle Pullis, Jacken, Pullunder mit dem Wow-Effekt bei der Farbgebung<\/li>\n<li>Besondere Deko-Elemente f\u00fcr Zuhause<\/li>\n<\/ul>\n<h2>Pflegehinweise<\/h2>\n<ul>\n<li>Handw\u00e4sche, max. 30 \u00b0C<\/li>\n<li>fl\u00fcssiges Fein- oder Wollwaschmittel<\/li>\n<li>Strickst\u00fccke liegend auf einem Handtuch trocknen und dabei in die richtige Form ziehen<\/li>\n<li>nicht B\u00fcgeln<\/li>\n<li>nicht im direkten Sonnenlicht trocknen<\/li>\n<li>Chlorbleiche nicht m\u00f6glich<\/li>\n<li>nicht im Trockner trocknen<\/li>\n<li>Professionelle Chemischreinigung nicht m\u00f6glich<\/li>\n<\/ul>\n<h3><strong>Weitere Dochtgarne finden Sie <a href=\"https:\/\/handel-sm.de\/wolle\/dochtgarn\/\">hier<\/a><\/strong><\/h3>\n<ul>\n<li><strong>Zusammensetzung:<\/strong><br \/>\n100 % Schurwolle<\/li>\n<li><strong>Farbe:<\/strong><br \/>\nwei\u00df-antrazit-rosenholz-aqua<\/li>\n<li><strong>Saison:<\/strong><br \/>\nHerbst \/ Winter<\/li>\n<li><strong>Verbrauch:<\/strong><br \/>\nPullover Gr. 38 = ca.660 g &gt; 2 Kn\u00e4uel<\/li>\n<li><strong>Gewicht \/ Laufl\u00e4nge:<\/strong><br \/>\n330 g = ca. 330 m<\/li>\n<li><strong>Nadelst\u00e4rke :<\/strong><br \/>\n8-9<\/li>\n<li><strong>Maschenprobe:<\/strong><br \/>\n10 x 10 cm = 12 M | 16 R<\/li>\n<li><strong>Zertifikat:<\/strong><\/li>\n<\/ul>\n<p><img data-recalc-dims=\"1\" loading=\"lazy\" decoding=\"async\" class=\"alignnone\" src=\"https:\/\/i0.wp.com\/handel-sm.de\/wolle\/wp-content\/uploads\/sites\/2\/2025\/06\/Oeko-Text-10.0.77554.jpg?resize=130%2C68&#038;ssl=1\" alt=\"\" width=\"130\" height=\"68\"><\/p>\n<p><a href=\"https:\/\/www.oeko-tex.com\/de\/label-check\/detail?number=10.0.77554\" target=\"_blank\" rel=\"noopener\">oeko-tex.com\/standard100<\/a><\/p>\n<\/div>\n<\/div>\n","protected":false},"excerpt":{"rendered":"<h2>Gr\u00fcndl D\u00e9j\u00e0vu wei\u00df-antrazit-rosenholz-aqua \u2013 Dochtgarn aus 100 % Schurwolle<\/h2>\n<p>weiches, volumin\u00f6ses Dochtgarn aus 100 % Schurwolle mit einer ganz au\u00dfergew\u00f6hnlichen Farbgebung, durch die Kombination von zwei unterschiedlich langen Farbverl\u00e4ufen. Die Farbgebung der au\u00dfergew\u00f6hnlichen Farbkombination ist im Modell auf der Banderole zu sehen.<\/p>\n<p>Ein 330 g-Gro\u00dfkn\u00e4uel mit luxuri\u00f6ser Weichheit und beeindruckender Farbvielfalt in Form eines Bobbelgarns. Mulesingfrei \u2013 f\u00fcr ein sorgloses und verantwortungsbewusstes Strick- und H\u00e4kelvergn\u00fcgen.\u00a0Die spezielle Garnwicklung in einer \u201eperfect circle\u201c-Technik und die einzigartigen Farbkombinationen ergeben faszinierende Textilien und Homedekos.<\/p>\n","protected":false},"featured_media":10878,"template":"","meta":[],"product_brand":[],"product_cat":[189,225,144],"product_tag":[],"class_list":{"0":"post-10917","1":"product","2":"type-product","3":"status-publish","4":"has-post-thumbnail","6":"product_cat-bobbelgarn","7":"product_cat-dochtgarn","8":"product_cat-wintergarn","10":"first","11":"instock","12":"taxable","13":"shipping-taxable","14":"purchasable","15":"product-type-simple"},"_links":{"self":[{"href":"https:\/\/handel-sm.de\/wolle\/wp-json\/wp\/v2\/product\/10917","targetHints":{"allow":["GET"]}}],"collection":[{"href":"https:\/\/handel-sm.de\/wolle\/wp-json\/wp\/v2\/product"}],"about":[{"href":"https:\/\/handel-sm.de\/wolle\/wp-json\/wp\/v2\/types\/product"}],"wp:featuredmedia":[{"embeddable":true,"href":"https:\/\/handel-sm.de\/wolle\/wp-json\/wp\/v2\/media\/10878"}],"wp:attachment":[{"href":"https:\/\/handel-sm.de\/wolle\/wp-json\/wp\/v2\/media?parent=10917"}],"wp:term":[{"taxonomy":"product_brand","embeddable":true,"href":"https:\/\/handel-sm.de\/wolle\/wp-json\/wp\/v2\/product_brand?post=10917"},{"taxonomy":"product_cat","embeddable":true,"href":"https:\/\/handel-sm.de\/wolle\/wp-json\/wp\/v2\/product_cat?post=10917"},{"taxonomy":"product_tag","embeddable":true,"href":"https:\/\/handel-sm.de\/wolle\/wp-json\/wp\/v2\/product_tag?post=10917"}],"curies":[{"name":"wp","href":"https:\/\/api.w.org\/{rel}","templated":true}]}}